, what is 2 - -431113563?
431113565
In base 2, what is 11110100100010 + 110110111011011?
1010101011111101
In base 9, what is -201 - -32750?
32548
In base 14, what is -1052 + 1543?
4d1
In base 3, what is -10200101022021 + -2?
-10200101022100
In base 11, what is 217 + -78100?
-77994
In base 4, what is -31200 - -121320120?
121222320
In base 7, what is -1163114 - 101?
-1163215
In base 13, what is 0 + 6b4a84?
6b4a84
In base 3, what is 22120001202001002 + -11?
22120001202000221
In base 16, what is -18bb7 + -37?
-18bee
In base 11, what is -163a83 - 54?
-164027
In base 14, what is 401 - -a892a?
a8d2b
In base 2, what is -1111000110001011 + 10010?
-1111000101111001
In base 8, what is 33 + 7413171?
7413224
In base 9, what is -47631 + 110?
-47521
In base 8, what is -276204 - -233?
-275751
In base 14, what is 12 - -1191ac?
1191c0
In base 13, what is -4508 + -5830?
-a038
In base 16, what is -1bb6db + 2?
-1bb6d9
In base 16, what is 356b - -4773?
7cde
In base 14, what is 1ad1c5 + -3?
1ad1c2
In base 5, what is 3 - -221311311?
221311314
In base 5, what is 0 - -20340140243?
20340140243
In base 12, what is -880ba + -14?
-88112
In base 10, what is 16174874 + -3?
16174871
In base 5, what is 2020 - -33432?
41002
In base 10, what is 38495 + 598?
39093
In base 16, what is 143aa - -5?
143af
In base 4, what is 3303 - -203101?
213010
In base 3, what is -1001212222 - -121102?
-1001021120
In base 14, what is -31a + 1bd386?
1bd06a
In base 8, what is 36 - 4637516?
-4637460
In base 6, what is -32 - 2111330422?
-2111330454
In base 10, what is 5 + -53756542?
-53756537
In base 6, what is -13445 - 50513?
-104402
In base 2, what is -10011101101010 + 110100101110010?
100001000001000
In base 15, what is 6e770d + 15?
6e7723
In base 7, what is -14630105 - -4?
-14630101
In base 4, what is 13231 + 21332?
101223
In base 12, what is 2a4a9b - 124?
2a4977
In base 2, what is -101011010011110001 - -100000011?
-101011001111101110
In base 4, what is -1133003020022 - -12?
-1133003020010
In base 8, what is -3 + 201663165?
201663162
In base 10, what is 109 + -224300?
-224191
In base 4, what is -110202 + -23023211?
-23200013
In base 14, what is -d2455 + 184?
-d22b1
In base 14, what is 2202 - 1438d?
-1218b
In base 3, what is -111110201 - -22110?
-111011021
In base 13, what is 5b1100 - 0?
5b1100
In base 15, what is 1ab6202 - 2?
1ab6200
In base 16, what is -e15931 - 2?
-e15933
In base 10, what is 4 + 47909965?
47909969
In base 6, what is 25 - -2453435?
2453504
In base 6, what is -2114 + -1251552?
-1254110
In base 10, what is 371 - 1163321?
-1162950
In base 16, what is -1 - 4aaaf14?
-4aaaf15
In base 12, what is 226b81 + -1?
226b80
In base 8, what is 241114 + 2336?
243452
In base 11, what is -2788 + -2140?
-4918
In base 5, what is -332223142342 - 2?
-332223142344
In base 12, what is -5942 + 3b18?
-1a26
In base 4, what is -231 + -1221300332?
-1221301223
In base 6, what is 1504 - 21541232?
-21535324
In base 13, what is -358b + 84?
-3507
In base 12, what is -32b + -58b?
-8ba
In base 2, what is 0 + -100011001101100001010000?
-100011001101100001010000
In base 11, what is 40716 + -641?
40085
In base 7, what is 5 - 224044035?
-224044030
In base 4, what is -13 + 210221332230?
210221332211
In base 7, what is 36 - 152056514?
-152056445
In base 5, what is -2022021344 + -1443?
-2022023342
In base 9, what is 352 - 17534?
-17172
In base 12, what is 736 - 20abb?
-20385
In base 7, what is -650305 + 221?
-650054
In base 4, what is 202323 - 220322?
-11333
In base 12, what is -b834 + -204a?
-11882
In base 13, what is a + a06a9?
a06b6
In base 3, what is -110010200222 + 10210?
-110010120012
In base 14, what is cd6 - -2706b?
27d63
In base 6, what is 43 - 1041005554?
-1041005511
In base 5, what is -1204133 + 3400?
-1200233
In base 2, what is -101110001011111011101001100 - -101?
-101110001011111011101000111
In base 9, what is 20208201 - -2?
20208203
In base 7, what is -13 + -10341312?
-10341325
In base 3, what is -102220 - 11211120221?
-11212000211
In base 13, what is 24 + -164746b?
-1647447
In base 16, what is 13 - e579c?
-e5789
In base 4, what is 212123331 + -213131?
211310200
In base 9, what is -411424 + 41?
-411373
In base 10, what is 6488 - -4570?
11058
In base 12, what is 33a88563b - -4?
33a885643
In base 5, what is -1324 + -123403?
-130232
In base 9, what is -18368556 + -1?
-18368557
In base 10, what is 0 + 490638961?
490638961
In base 9, what is -2831 + -4751?
-7682
In base 6, what is -145304124 - 23?
-145304151
In base 2, what is 1111011100 - -100011101001?
110011000101
In base 3, what is -201 + -1120220012000?
-1120220012201
In base 8, what is -630730 + 162?
-630546
In base 5, what is -101 + -1320220302?
-1320220403
In base 5, what is -22441124 - -211?
-22440413
In base 12, what is 16 + 612b3?
61309
In base 9, what is 70625 - 37?
70577
In base 11, what is -66a806 - 524?
-67022a
In base 9, what is 728410826 + 1?
728410827
In base 9, what is -7 - -201200608?
201200601
In base 15, what is -7 - 4b742?
-4b749
In base 11, what is 41430 + -8520?
33a10
In base 2, what is 11111 - 1100111111001000100?
-1100111111000100101
In base 2, what is 10110100101100101011 + 11010?
10110100101101000101
In base 10, what is -48 - 87515?
-87563
In base 14, what is 29c4 - -1237?
3c1b
In base 13, what is 2260a8 + 11?
2260b9
In base 5, what is 1 + -31101110020?
-31101110014
In base 11, what is -7239 - -8997?
1759
In base 6, what is 104523 - 20015?
44504
In base 16, what is -58c + 123?
-469
In base 13, what is -3 + 6326160?
632615a
In base 12, what is 43 - -165b?
16a2
In base 3, what is 111022 + -20111210?
-20000111
In base 12, what is -1 + 29318b0?
29318ab
In base 10, what is 144837100 + 0?
144837100
In base 16, what is -587d0d + -3?
-587d10
In base 8, what is 132 - -2147131?
2147263
In base 11, what is 67a + 1a94a?
20519
In base 11, what is 4a833 + -150?
4a693
In base 13, what is 4106567 + -1a?
410654a
In base 6, what is -53254131 + -435?
-53255010
In base 3, what is 1002110111101 + -1010?
1002110110021
In base 14, what is 7 - 2d07c1d?
-2d07c16
In base 6, what is -2530142 - 131?
-2530313
In base 5, what is -243 - 14144024?
-14144322
In base 14, what is -307967c + -1c?
-307969a
In base 13, what is 493 - -63baa?
64370
In base 2, what is -10010 + 11101111110010111101100?
11101111110010111011010
In base 16, what is -2 - -da094e9?
da094e7
In base 15, what is -5d - -3e17?
3da9
In base 8, what is 4716502 + 30?
4716532
In base 5, what is -1013312120 - 12?
-1013312132
In base 3, what is -1211 + -2201112000?
-2201120211
In base 5, what is 10002403 + -32233?
4420120
In base 4, what is -1212010313232230 - 11?
-1212010313232301
In base 4, what is 1322211 + -313303?
1002302
In base 10, what is -90379218 + 2?
-90379216
In base 7, what is -44416 + -36511?
-114230
In base 5, what is 2 - 311023411?
-311023404
In base 7, what is 2505 - -3100610?
3103415
In base 13, what is -1004 - 2b45?
-3b49
In base 10, what is 12892594 - 18?
12892576
In base 9, what is -8056230 + 13?
-8056216
In base 8, what is -36521 - -6146?
-30353
In base 13, what is -25370024 - 2?
-25370026
In base 8, what is 4 + -61272646?
-61272642
In base 12, what is 4bb7439 + 16?
4bb7453
In base 10, what is 2 + 1217855?
1217857
In base 11, what is 76 + -22a2346?
-22a2280
In base 4, what is 1233 + 13323023211?
13323031110
In base 12, what is -16437 - -8?
-1642b
In base 10, what is 1748399 - 10?
1748389
In base 13, what is a7290 + 90?
a7350
In base 9, what is -256083 - 10?
-256103
In base 4, what is -330322211120221 - 2?
-330322211120223
In base 7, what is -2462012262 + 4?
-2462012255
In base 3, what is 201110 + -10021111211?
-10020210101
In base 2, what is -10000101011010011100111 - 1?
-10000101011010011101000
In base 13, what is -1c264 + -aa?
-1c341
In base 15, what is -6 + -227e22?
-227e28
In base 15, what is b38342 - -8?
b3834a
In base 6, what is 322 - 22535?
-22213
In base 9, what is -151 - -1210515?
1210354
In base 14, what is cab + acdb?
bba8
In base 5, what is 1321011002031 + 10?
1321011002041
In base 5, what is -222 + -241403332?
-241404104
In base 14, what is -28116b0 - 5?
-28116b5
In base 7, what is 3220 - -1501?
5021
In base 3, what is -1 - -11121212011020?
11121212011012
In base 5, what is -1032001132 + -10?
-1032001142
In base 5, what is -30120 + 3144?
-21421
In base 4, what is 2101 + 